02540?
2, 5, 227, 18701
What are the prime factors of 1151325007?
7, 19, 23, 376373
List the prime factors of 325240496.
2, 7, 2903933
List the prime factors of 89123393.
127, 571, 1229
List the prime factors of 236851892.
2, 1847, 32059
What are the prime factors of 102472067?
102472067
What are the prime factors of 442815596?
2, 19, 23, 67, 199
What are the prime factors of 56739991?
7, 11, 105269
List the prime factors of 2768725678.
2, 1384362839
What are the prime factors of 128867202?
2, 3, 593, 12073
What are the prime factors of 608920146?
2, 3, 2731, 4129
List the prime factors of 81975892.
2, 41, 499853
List the prime factors of 38640312.
2, 3, 536671
List the prime factors of 302693580.
2, 3, 5, 7, 34319
List the prime factors of 1122280854.
2, 3, 187046809
What are the prime factors of 2476857155?
5, 227, 2182253
What are the prime factors of 242651096?
2, 30331387
What are the prime factors of 15677999?
15677999
List the prime factors of 1514424256.
2, 23662879
What are the prime factors of 188970344?
2, 1607, 14699
What are the prime factors of 77538278?
2, 19, 2040481
What are the prime factors of 303561470?
2, 5, 30356147
What are the prime factors of 1099331822?
2, 549665911
List the prime factors of 166175240.
2, 5, 7, 11, 163, 331
List the prime factors of 213228481.
7247, 29423
List the prime factors of 90715837.
173, 524369
What are the prime factors of 184266278?
2, 7, 2113, 6229
List the prime factors of 125852347.
125852347
What are the prime factors of 5746038618?
2, 3, 23, 41637961
List the prime factors of 28053226.
2, 1511, 9283
List the prime factors of 313269358.
2, 3637, 43067
List the prime factors of 504857973.
3, 47, 3580553
List the prime factors of 434408841.
3, 199, 242551
List the prime factors of 78039583.
78039583
List the prime factors of 6363549570.
2, 3, 5, 7, 241, 125737
What are the prime factors of 1180892116?
2, 103, 193, 14851
What are the prime factors of 112210800?
2, 3, 5, 13, 7193
List the prime factors of 1978024330.
2, 5, 197802433
What are the prime factors of 99596778?
2, 3, 17, 976439
What are the prime factors of 136331555?
5, 19, 1435069
List the prime factors of 819688153.
819688153
What are the prime factors of 3135847244?
2, 783961811
List the prime factors of 259458144.
2, 3, 11, 277, 887
List the prime factors of 111543231.
3, 281, 307, 431
What are the prime factors of 63843511?
1609, 39679
What are the prime factors of 11505874?
2, 5752937
What are the prime factors of 21372103?
21372103
List the prime factors of 45289028.
2, 11322257
What are the prime factors of 91955054?
2, 1667, 27581
List the prime factors of 8393846572.
2, 3137, 668939
What are the prime factors of 331349747?
331349747
What are the prime factors of 4850489287?
7, 103, 6727447
List the prime factors of 3656815545.
3, 5, 243787703
What are the prime factors of 1063784044?
2, 17, 15643883
What are the prime factors of 6424354?
2, 1427, 2251
List the prime factors of 913193254.
2, 6203, 73609
List the prime factors of 5790604943.
5790604943
What are the prime factors of 271067981?
271067981
What are the prime factors of 1768014841?
17, 29, 3586237
List the prime factors of 54567916.
2, 13, 61, 17203
List the prime factors of 283265689.
7, 3917, 10331
What are the prime factors of 3689049969?
3, 11, 61, 421, 1451
What are the prime factors of 203997499?
97, 2103067
What are the prime factors of 42300979?
7, 23, 262739
List the prime factors of 28411607.
7, 17, 257, 929
List the prime factors of 236442677.
59, 347, 11549
List the prime factors of 55955555.
5, 2897, 3863
What are the prime factors of 229130318?
2, 17, 2293, 2939
What are the prime factors of 15846671?
15846671
List the prime factors of 2831622437.
7, 23, 29, 12377
List the prime factors of 110459108.
2, 227, 239, 509
What are the prime factors of 875916051?
3, 2591, 112687
What are the prime factors of 685186237?
685186237
List the prime factors of 147672713.
147672713
What are the prime factors of 133391979?
3, 7, 17, 59, 2111
What are the prime factors of 17921748?
2, 3, 13, 114883
List the prime factors of 674620910.
2, 5, 29, 2326279
List the prime factors of 166428606.
2, 3, 17, 239, 6827
List the prime factors of 119919199.
193, 621343
What are the prime factors of 1533114225?
3, 5, 257, 26513
List the prime factors of 57350582.
2, 1831, 15661
What are the prime factors of 38736833?
101, 383533
List the prime factors of 1937544049.
7, 251, 1102757
List the prime factors of 61708550.
2, 5, 677, 1823
What are the prime factors of 813193638?
2, 3, 467, 290219
What are the prime factors of 23723952?
2, 3, 7, 70607
What are the prime factors of 44281892?
2, 3137, 3529
What are the prime factors of 74208505?
5, 7, 2120243
List the prime factors of 639625596.
2, 3, 1097, 48589
What are the prime factors of 386287833?
3, 128762611
List the prime factors of 98210870.
2, 5, 17, 1999
What are the prime factors of 1677164909?
7, 9239, 25933
What are the prime factors of 667684868?
2, 83, 2011099
What are the prime factors of 574180200?
2, 3, 5, 11, 47, 617
List the prime factors of 41165501.
13, 3166577
List the prime factors of 192548736.
2, 3, 19, 463
List the prime factors of 58147869.
3, 13, 137, 10883
List the prime factors of 2499111.
3, 23, 12073
What are the prime factors of 47681988?
2, 3, 3973499
What are the prime factors of 140958625?
5, 19, 59351
List the prime factors of 120133300.
2, 5, 7, 24517
List the prime factors of 1065934461.
3, 355311487
List the prime factors of 1316272790.
2, 5, 7, 383753
What are the prime factors of 2091741116?
2, 29, 41, 439811
What are the prime factors of 1660828183?
7, 23, 73, 141311
List the prime factors of 419439966.
2, 3, 11, 67, 8623
List the prime factors of 992326142.
2, 17, 1861, 15683
List the prime factors of 182572520.
2, 5, 13, 17, 19, 1087
What are the prime factors of 376035733?
17, 59, 83, 4517
List the prime factors of 25146552.
2, 3, 1047773
What are the prime factors of 4640164913?
4640164913
List the prime factors of 526808780.
2, 5, 29, 439, 2069
List the prime factors of 1488445360.
2, 5, 139, 133853
List the prime factors of 594499411.
11, 79, 684119
What are the prime factors of 26437149?
3, 2937461
What are the prime factors of 53635427?
53635427
What are the prime factors of 511375769?
79, 2311, 2801
List the prime factors of 44669069.
811, 55079
List the prime factors of 94928759.
97, 978647
What are the prime factors of 79463246?
2, 647, 61409
List the prime factors of 764948027.
37, 43, 373, 1289
What are the prime factors of 240952302?
2, 3, 13386239
What are the prime factors of 1375277315?
5, 59, 601, 7757
What are the prime factors of 3683406303?
3, 17, 24074551
What are the prime factors of 1459945731?
3, 19, 769, 1753
List the prime factors of 14614555.
5, 2922911
What are the prime factors of 532518?
2, 3, 7, 31, 409
List the prime factors of 26817233.
26817233
What are the prime factors of 2270295909?
3, 7, 2879, 12517
What are the prime factors of 8996982?
2, 3, 1499497
List the prime factors of 237487305.
3, 5, 11, 23, 5689
What are the prime factors of 1560798527?
193, 467, 17317
What are the prime factors of 589297980?
2, 3, 5, 29, 149, 2273
List the prime factors of 197567115.
3, 5, 17, 774773
List the prime factors of 73950447.
3, 283, 87103
List the prime factors of 6483514920.
2, 3, 5, 29, 97, 19207
List the prime factors of 21695638.
2, 17, 167, 3821
What are the prime factors of 26574217?
19, 97, 14419
What are the prime factors of 1912530295?
5, 13, 199, 743
What are the prime factors of 479698437?
3, 229, 698251
List the prime factors of 148010247.
3, 7, 11, 19, 1249
List the prime factors of 7471941890.
2, 5, 7, 3259, 4679
List the prime factors of 73085258.
2, 36542629
What are the prime factors of 42957744?
2, 3, 23, 167, 233
List the prime factors of 136833409.
10613, 12893
List the prime factors of 1417138370.
2, 5, 19, 7458623
What are the prime factors of 5713273?
47, 121559
List the prime factors of 22961963.
2339, 9817
What are the prime factors of 627264458?
2, 1033, 303613
List the prime factors of 16307939.
16307939
List the prime factors of 64534258.
2, 32267129
List the prime factors of 3037157410.
2, 5, 7, 19, 41, 55697
List the prime fac